late the remainder when 690516 is divided by 3812.
544
What is the remainder when 1474952 is divided by 926?
760
Calculate the remainder when 914343 is divided by 329.
52
What is the remainder when 152654340 is divided by 50?
40
Calculate the remainder when 32540 is divided by 1058.
800
Calculate the remainder when 701273 is divided by 620.
53
Calculate the remainder when 199427 is divided by 32989.
1493
Calculate the remainder when 77550 is divided by 461.
102
Calculate the remainder when 3023118 is divided by 302309.
28
What is the remainder when 2941685 is divided by 156?
149
Calculate the remainder when 1161013 is divided by 3550.
163
Calculate the remainder when 8881187 is divided by 1759.
1755
Calculate the remainder when 193126760 is divided by 19312673.
30
Calculate the remainder when 5397838 is divided by 24.
22
What is the remainder when 132634918 is divided by 5874?
5872
What is the remainder when 692206 is divided by 11536?
46
What is the remainder when 36765 is divided by 7810?
5525
Calculate the remainder when 33948 is divided by 5354.
1824
What is the remainder when 485097 is divided by 3222?
1797
What is the remainder when 1225930 is divided by 19454?
328
Calculate the remainder when 91277 is divided by 3947.
496
Calculate the remainder when 274862912 is divided by 18.
14
Calculate the remainder when 7376592 is divided by 371.
370
What is the remainder when 1876041 is divided by 103?
102
What is the remainder when 860009 is divided by 681?
587
What is the remainder when 32119 is divided by 3871?
1151
What is the remainder when 187325499 is divided by 253?
251
What is the remainder when 1628118 is divided by 542678?
84
What is the remainder when 95184 is divided by 95113?
71
Calculate the remainder when 486303 is divided by 728.
727
What is the remainder when 3647659 is divided by 271?
270
What is the remainder when 1550580 is divided by 2378?
124
What is the remainder when 283956 is divided by 198?
24
What is the remainder when 26113776 is divided by 220?
216
Calculate the remainder when 472894 is divided by 25.
19
What is the remainder when 49683629 is divided by 598?
593
Calculate the remainder when 4373644 is divided by 3163.
2378
Calculate the remainder when 108066222 is divided by 27016555.
2
Calculate the remainder when 2537349 is divided by 5752.
717
What is the remainder when 329942 is divided by 927?
857
Calculate the remainder when 43589312 is divided by 165111.
8
Calculate the remainder when 139440879 is divided by 18.
9
What is the remainder when 568475 is divided by 2121?
47
What is the remainder when 116280 is divided by 590?
50
What is the remainder when 727217875 is divided by 308?
307
What is the remainder when 1505901 is divided by 474?
3
Calculate the remainder when 37872 is divided by 36553.
1319
Calculate the remainder when 6454739 is divided by 461050.
39
What is the remainder when 96308273 is divided by 32102755?
8
Calculate the remainder when 4378108 is divided by 1131.
7
Calculate the remainder when 323302 is divided by 868.
406
Calculate the remainder when 59942324 is divided by 131.
130
Calculate the remainder when 1157243 is divided by 52391.
4641
Calculate the remainder when 8487405 is divided by 8.
5
What is the remainder when 795866 is divided by 79582?
46
What is the remainder when 3685768 is divided by 5759?
8
Calculate the remainder when 286184790 is divided by 14.
10
What is the remainder when 27141645 is divided by 5765?
25
Calculate the remainder when 2773148 is divided by 924369.
41
What is the remainder when 38810029 is divided by 1490?
1489
Calculate the remainder when 12276389 is divided by 42.
41
Calculate the remainder when 598875 is divided by 608.
603
Calculate the remainder when 11112 is divided by 1123.
1005
What is the remainder when 8994866 is divided by 8616?
8378
What is the remainder when 1232185 is divided by 1143?
31
Calculate the remainder when 1129124486 is divided by 1016.
1014
Calculate the remainder when 9734 is divided by 1133.
670
What is the remainder when 10391239 is divided by 5195547?
145
What is the remainder when 3426523 is divided by 11?
1
Calculate the remainder when 48472091 is divided by 43.
40
What is the remainder when 5260844 is divided by 50?
44
Calculate the remainder when 585542 is divided by 146351.
138
Calculate the remainder when 148377 is divided by 16436.
453
What is the remainder when 166522 is divided by 111?
22
Calculate the remainder when 20773 is divided by 763.
172
What is the remainder when 82887893 is divided by 10?
3
What is the remainder when 524306 is divided by 30558?
4820
Calculate the remainder when 4178337 is divided by 6601.
6505
Calculate the remainder when 354678 is divided by 445.
13
Calculate the remainder when 45091785 is divided by 1280.
1225
What is the remainder when 3463558 is divided by 405?
403
Calculate the remainder when 60648459 is divided by 998.
997
What is the remainder when 47938 is divided by 421?
365
Calculate the remainder when 248247965 is divided by 5066285.
0
What is the remainder when 319921188 is divided by 47?
37
What is the remainder when 72219 is divided by 1009?
580
Calculate the remainder when 47514 is divided by 991.
937
What is the remainder when 434633 is divided by 4217?
282
Calculate the remainder when 37153 is divided by 663.
25
Calculate the remainder when 431537 is divided by 1285.
1062
Calculate the remainder when 81958 is divided by 10317.
9739
Calculate the remainder when 184193 is divided by 132.
53
What is the remainder when 3109718 is divided by 159?
155
Calculate the remainder when 68981483 is divided by 16.
11
Calculate the remainder when 55248 is divided by 22815.
9618
Calculate the remainder when 39821 is divided by 13221.
158
What is the remainder when 4470326 is divided by 380?
6
What is the remainder when 176479 is divided by 3097?
3047
Calculate the remainder when 5419704 is divided by 577.
520
What is the remainder when 10640 is divided by 322?
14
Calculate the remainder when 128690 is divided by 4493.
2886
What is the remainder when 3394080 is divided by 31?
14
What is the remainder when 4380550 is divided by 517?
9
What is the remainder when 1056861 is divided by 75486?
57
What is the remainder when 799009 is divided by 24911?
1857
What is the remainder when 17289190 is divided by 17169?
7
What is the remainder when 18442494 is divided by 335318?
4
What is the remainder when 2827873 is divided by 61?
35
Calculate the remainder when 15163458 is divided by 15163448.
10
What is the remainder when 532396 is divided by 3830?
26
What is the remainder when 276702 is divided by 1364?
1174
What is the remainder when 584857 is divided by 12995?
82
Calculate the remainder when 47050 is divided by 3818.
1234
What is the remainder when 414377 is divided by 32?
9
What is the remainder when 76116477 is divided by 352?
349
What is the remainder when 55423785 is divided by 5839?
5836
Calculate the remainder when 5833955 is divided by 243081.
11
What is the remainder when 1360470 is divided by 5134?
5094
Calculate the remainder when 5684798 is divided by 187.
185
Calculate the remainder when 146068 is divided by 670.
8
Calculate the remainder when 65605 is divided by 838.
241
Calculate the remainder when 2830385 is divided by 295.
155
Calculate the remainder when 676686 is divided by 100.
86
Calculate the remainder when 71919 is divided by 14313.
354
What is the remainder when 3924924 is divided by 5340?
24
Calculate the remainder when 2480893 is divided by 496129.
248
Calculate the remainder when 985940 is divided by 176.
164
What is the remainder when 1617061 is divided by 539001?
58
Calculate the remainder when 520953 is divided by 2019.
51
Calculate the remainder when 644384 is divided by 556.
536
Calculate the remainder when 2849265 is divided by 284920.
65
Calculate the remainder when 51457218 is divided by 116683.
15
Calculate the remainder when 6730189 is divided by 204.
25
What is the remainder when 13744949 is divided by 723?
719
Calculate the remainder when 7933924 is divided by 9.
1
What is the remainder when 40124 is divided by 223?
207
Calculate the remainder when 11497983 is divided by 8.
7
Calculate the remainder when 21141989 is divided by 23.
21
Calculate the remainder wh